 36. Suppose -o - 8 - 8 = 4*l, 0 = -3*o + l + s. Suppose o*t - 4244 - 4984 = 0. Is t prime?
False
Suppose 351*n = 213643001 - 72177014. Is n composite?
False
Let u(q) = -5*q**2 + 1. Let m be u(1). Let d(l) = l + 9. Let i be d(m). Suppose a - c = i*a - 7026, 0 = 5*a + 3*c - 8779. Is a prime?
False
Let u(q) = -3*q + 15. Let w be u(6). Let g be (-1)/((-3)/16247) + 2/w. Suppose 3*d - 4*o + g = 6*d, 5*o = -4*d + 7219. Is d a composite number?
False
Suppose h + 86 = 5*m - 77, -2*m + 68 = h. Suppose -j - 4*o = -2, -4*j = -2*o + 4*o + 6. Is (-46)/3*m/j prime?
False
Let f = 927 + -256. Suppose -p = 17*p + 6372. Let t = f + p. Is t composite?
False
Let n = -5363 - -7713. Suppose 3935 = 3*f - n. Is f a composite number?
True
Suppose 5*a - 18 = -a. Suppose -3*v - 11 = -2*d, -2*v - d = a - 5. Is (176 - v)*(8/6 + -1) composite?
False
Let a(y) = -2*y**3 - y**2 - 12. Let v(c) = -3*c**3 - 2*c**2 + c - 13. Let u(g) = 5*a(g) - 4*v(g). Let q be u(-2). Is (19/4)/(q/(-16)) a composite number?
False
Let o(l) = -617*l**3 - 9*l**2 + l + 41. Let c be o(-7). Suppose 30*y - c = 6*y. Is y a composite number?
True
Let h(x) = 0 + 63*x - 3 + 35*x. Let r(y) = -y**2 - 48*y - 247. Let t be r(-42). Is h(t) a prime number?
True
Suppose -k = q + 418, -4*q + 4*k = -k + 1663. Let h = q + 1270. Is h a prime number?
True
Let z = 101779 + -69596. Is z composite?
False
Let f = 154575 + -91650. Suppose 5*v + j = -3*j + 78651, 4*v - j - f = 0. Is v prime?
True
Is 559028 + (-98)/(-112)*24 a prime number?
True
Let a(q) = 5*q**2 - 9*q - 43. Let x be a(-11). Suppose -3*s - 2*u = -2045, -4*s + 2039 = -4*u - x. Is s composite?
True
Let y(g) = 756 - 6*g + 3*g + 19*g**3 - 20*g**3 + 2*g**2 - 269. Is y(0) composite?
False
Let z(b) = -1775*b**3 - 83*b**2 - 3*b + 11. Is z(-8) a prime number?
False
Let x = -179 + 81. Let k = 96 + x. Is 878/((-2 - (-9)/6)*k) composite?
True
Let p(h) = 13*h + 93. Let d be p(-6). Suppose 4*l - 5*l = -5*f - 7308, 0 = 3*f + d. Is l a composite number?
False
Let o(s) = -5*s**3 + 20*s**2 + 2*s + 24. Let m(x) = 5*x - x**3 + 49 - 2*x**3 + 40*x**2 - 5*x**3 - 3*x**3. Let y(c) = -4*m(c) + 9*o(c). Is y(11) composite?
False
Let i(f) = 6942*f**2 - 7*f + 6. Let z be 2/4 - (-5)/10. Is i(z) composite?
True
Let c = 362 - 8. Let u = 1379 + c. Is u composite?
False
Let k(c) = -8485*c**3 - 3*c**2 - 12*c - 9. Is k(-2) prime?
True
Suppose w = -2*u - 6 + 47, -5*w = 2*u - 61. Let x be 72/(-10)*(-1190)/(-21). Is 1/(-4) + u/(-24) - x prime?
False
Let r(t) = 373*t - 70*t + 123*t + 144*t + 37. Is r(3) prime?
True
Let h(d) = -d**2 + 42*d - 33. Let x be h(41). Is 8*4/x + 1435 a prime number?
True
Is (-5)/60 + 2*(-190496527)/(-456) composite?
False
Let o be ((-3)/(-1))/(5 + -4). Let r = 49 + -47. Suppose -g = -o*x - 400 + 122, 4*x = -r*g + 606. Is g composite?
False
Suppose 2*f - 5*f - 4*v + 1 = 0, -4*v = 8. Let t(g) = -3*g + 16 + 2*g + 373*g**3 - 16*g**2 - 371*g**f. Is t(11) a composite number?
True
Suppose -8140 = -n - 3*g + 12024, -100687 = -5*n + 4*g. Is n a prime number?
True
Suppose -p + 3*z - 61 = z, -2*p - 2*z = 110. Let b = p + -511. Let k = 1049 + b. Is k a composite number?
True
Suppose -95*i - 566846 = -102*i. Let u = -54243 + i. Is u a composite number?
True
Let y(u) = -807*u**3 - u**2 + 19*u + 8. Let t be y(-4). Suppose 2*g = 4*c - 68742, 5*g + t = 3*c + 2*g. Is c prime?
True
Let q(g) = -g**3 + 4*g**2 + 9*g + 5. Suppose -293 = 37*r + 3. Is q(r) a prime number?
True
Let b(v) = -641*v**2 + 6*v + 19. Let f be b(-7). Let l = -1715 - f. Is l a composite number?
False
Suppose 2*n - 14 = -5*l + l, 5*l - n - 14 = 0. Suppose -3*r - l*y = 3435, 0 = -r + 4*y - 203 - 937. Let v = 118 - r. Is v composite?
True
Suppose 8*k = 4*k - 16, 190 = 2*r + 2*k. Suppose 660 = 3*f - r. Is f prime?
False
Is ((-9)/(-12) + 1/4)*(4767 + -56) composite?
True
Suppose 3*u = -8*q - 6785 + 175504, 0 = -q + 1. Is u composite?
False
Let v(h) = -2*h + 1. Let b(g) = 83*g**2 + 6*g + 58. Let o(y) = b(y) - 5*v(y). Is o(-4) a prime number?
False
Let c(y) = 2*y**2 - 5*y + 4. Let d be c(3). Suppose -11*u + 8 = -d*u. Is (35/u)/(3/6) prime?
False
Suppose 2*n + 15 = 5*q, -5*n + 0*n + 3*q + 10 = 0. Suppose -n*u - 2*z + 6303 + 686 = 0, 0 = -4*u + 2*z + 5602. Is u a prime number?
True
Suppose 0 = -10228*h + 10240*h - 8652. Let s = -218 - -349. Suppose 0 = 5*t - h + s. Is t a composite number?
True
Suppose 2*m = 83783 + 83434 + 1537. Is m prime?
True
Suppose 53153 = 2*l - 3*g, 4*g + 26579 = l + 5*g. Let f = -16211 + l. Is f composite?
True
Let l = -344108 - -721275. Is l a composite number?
True
Suppose 0 = -33*o + 29*o + 620. Let k = o - 91. Suppose -275 = -69*i + k*i. Is i a prime number?
False
Suppose 0 = 4*m + 81 - 113. Suppose -4*j + 6*j = m. Suppose 212 = -0*f + j*f. Is f a prime number?
True
Let a be 771*7 + (-12 - -8). Let r = -1621 + a. Let f = r - 2373. Is f a composite number?
False
Let g be 23783 + (0 - -2) + 4. Let a = g - 13374. Is a composite?
True
Suppose -8 = 46*h - 48*h. Suppose h*f + 8200 = 4*a + 5*f, 4*a - 3*f = 8216. Is a composite?
True
Suppose 3*w + 236 - 251 = 0, 2*w + 136705 = 5*h. Is h composite?
True
Is 246755 + 1 + (-1118)/(-86) a prime number?
True
Suppose p = 10*p - 81. Suppose -p*j = 78 - 204. Is (-7269)/(-6) - 0 - 7/j a composite number?
True
Suppose -4*q - 12 = 4*s, -6*s - 4*q + 6*q + 22 = 0. Let n(i) be the first derivative of 295*i**2/2 - i - 1. Is n(s) composite?
True
Let c(h) = -h**3 - 30*h**2 + 7*h + 65. Let x be 36/(-15) - -3 - 2068/55. Is c(x) a prime number?
False
Suppose -39*b = -46*b + 165753. Suppose 0 = 5*q - 15, b = -0*k + 4*k + q. Is k composite?
True
Suppose 0 = -2*n + a + 124, 2 = 2*n + 5*a - 122. Suppose -14217 + n = -5*y. Is y prime?
False
Let f(z) = 6*z**2 - 242*z + 46. Is f(-33) a composite number?
True
Suppose 1986 = z - 2053. Let y = -1586 + z. Is y prime?
False
Let s = -42 - -44. Suppose -h = 5*t - 71, h + 10 = s*t + 6*h. Is (-1)/3 + 9470/t a composite number?
False
Let q(v) = 3*v**2 - 9*v + 9. Let z be q(2). Suppose -4*m = -4*i + 5*i - 11669, z*i + m - 35029 = 0. Is i prime?
True
Suppose -21 + 12 = 3*i. Is ((-22662)/54)/(-1 + (-2)/i) composite?
False
Let x(m) = -4*m + 24. Let s be x(5). Let d be (4 - 4)/(1/((-2)/s)). Suppose 940 = 4*z - d*z. Is z prime?
False
Let f(v) = 1529*v + 49. Is f(12) prime?
True
Let a(i) = -i**3 - 9*i**2 - 7*i + 29. Let t(u) = 2*u**3 + 20*u**2 + 13*u - 58. Let j(c) = 11*a(c) + 6*t(c). Suppose 13*n = 11*n - 30. Is j(n) prime?
False
Let n(m) = -3199*m - 2679. Is n(-34) a composite number?
False
Let w = 61406 + 6981. Is w a composite number?
True
Let r(j) = 5754*j**2 - 2. Let n be r(-2). Let v be n/10 - (-4 + (-51)/(-15)). Suppose -q + h = -2314, -5*h = q - 2*q + v. Is q prime?
False
Let n = 51 - 49. Let p be 4 + (1 - n*-70). Is 0/(-1) + -13*(6 - p) prime?
False
Let z = -1672 - -3312. Let g = z - 243. Is g composite?
True
Suppose -5*i = -k + 6753, -2*i + 27113 = 5*k - 6652. Suppose -3*z + k = 4*o, 0 = -z + 24*o - 22*o + 2251. Is z a prime number?
True
Let a(t) = 148*t**2 + 6*t + 87. Let o be a(13). Suppose r = 18*r - o. Is r a prime number?
True
Let h(w) = 3690*w - 133. Is h(5) a composite number?
True
Let j be ((-1)/(-3))/((-1)/(-9) - 0). Suppose 2*t + 5*i = 803 - 202, -t - j*i = -302. Is t a prime number?
True
Let l(i) = i**2 + 5*i + 320. Let r be l(0). Suppose 8*j - r - 320 = 0. Let s = 267 - j. Is s composite?
True
Let q(i) = i - 36 + 14 + i. Let c be q(8). Is -86*c/(-4)*(-52)/12 a prime number?
False
Let u(y) = -2*y**3 - 10*y**2 - 4*y + 17. Let g be u(-8). Suppose 3*o = -3*l + 672, -2*o + 0*l + g = 5*l. Suppose -j = -o - 494. Is j prime?
False
Let k = -17168 - -67814. Suppose 22385 = 7*a - k. Is a a composite number?
False
Let b be 32/(-48)*(0 - -3). Let i(z) = -z**2 + 7*z - 1. Let q be i(7). Is (-422)/4*(-4)/b*q a prime number?
True
Let j(z) = -1517*z + 1581. Is j(-22) a composite number?
True
Let a = -389519 - -666896. Is a composite?
True
Suppose 4*s - 5*f - 33 = 0, 5 = -5*s - 3*f - 0*f. Suppose -569 = -4*u + t, s*u - 272 = -t - t. Is u a composite number?
True
Let t = -418016 + 762119. Suppose 0 = -20*o - 3*o + t. Is o a prime number?
False
Let d = -51 - -56. Suppose 4*h - 8*h = 24. Is 118/(d/((-15)/h)) composite?
False
Let i(q) = 187*q**2 + 15*q + 3. Is i(-11) composite?
True
Let g = -92 + 92. Suppose -2*m + 423 = 3*p - 4*m, m = g. Suppose -112 